{"version":"1.0","provider_name":"14th S\u00e3o Paulo International Architecture Biennale","provider_url":"https:\/\/bienaldearquitetura.org.br\/en","author_name":"contato@webinhood.com.br","author_url":"https:\/\/bienaldearquitetura.org.br\/en\/author\/contatowebinhood-com-br\/","title":"Conex\u00e3o \u00e1gua | (se)cura humana - 14\u1d43 Bienal Internacional de Arquitetura de S\u00e3o Paulo","type":"rich","width":600,"height":338,"html":"<blockquote class=\"wp-embedded-content\" data-secret=\"vYnOhAcaCE\"><a href=\"https:\/\/bienaldearquitetura.org.br\/en\/programacao\/conexao-agua-secura-humana\/\">Water connection | human (se)healing<\/a><\/blockquote><iframe sandbox=\"allow-scripts\" security=\"restricted\" src=\"https:\/\/bienaldearquitetura.org.br\/en\/programacao\/conexao-agua-secura-humana\/embed\/#?secret=vYnOhAcaCE\" width=\"600\" height=\"338\" title=\"\u201cWater Connection | Human (Se)cure\u201d \u2014 14th S\u00e3o Paulo International Architecture Biennial\" data-secret=\"vYnOhAcaCE\" frameborder=\"0\" marginwidth=\"0\" marginheight=\"0\" scrolling=\"no\" class=\"wp-embedded-content\"><\/iframe><script>\n\/*! This file is auto-generated *\/\n!function(d,l){\"use strict\";l.querySelector&&d.addEventListener&&\"undefined\"!=typeof URL&&(d.wp=d.wp||{},d.wp.receiveEmbedMessage||(d.wp.receiveEmbedMessage=function(e){var t=e.data;if((t||t.secret||t.message||t.value)&&!\/[^a-zA-Z0-9]\/.test(t.secret)){for(var s,r,n,a=l.querySelectorAll('iframe[data-secret=\"'+t.secret+'\"]'),o=l.querySelectorAll('blockquote[data-secret=\"'+t.secret+'\"]'),c=new RegExp(\"^https?:$\",\"i\"),i=0;i<o.length;i++)o[i].style.display=\"none\";for(i=0;i<a.length;i++)s=a[i],e.source===s.contentWindow&&(s.removeAttribute(\"style\"),\"height\"===t.message?(1e3<(r=parseInt(t.value,10))?r=1e3:~~r<200&&(r=200),s.height=r):\"link\"===t.message&&(r=new URL(s.getAttribute(\"src\")),n=new URL(t.value),c.test(n.protocol))&&n.host===r.host&&l.activeElement===s&&(d.top.location.href=t.value))}},d.addEventListener(\"message\",d.wp.receiveEmbedMessage,!1),l.addEventListener(\"DOMContentLoaded\",function(){for(var e,t,s=l.querySelectorAll(\"iframe.wp-embedded-content\"),r=0;r<s.length;r++)(t=(e=s[r]).getAttribute(\"data-secret\"))||(t=Math.random().toString(36).substring(2,12),e.src+=\"#?secret=\"+t,e.setAttribute(\"data-secret\",t)),e.contentWindow.postMessage({message:\"ready\",secret:t},\"*\")},!1)))}(window,document);\n\/\/# sourceURL=https:\/\/bienaldearquitetura.org.br\/wp-includes\/js\/wp-embed.min.js\n<\/script>","thumbnail_url":"https:\/\/bienaldearquitetura.org.br\/wp-content\/uploads\/2025\/09\/ConexaoAgua_securahumana_01-Flavio-Barollo-1024x682.png","thumbnail_width":1024,"thumbnail_height":682,"description":"Implanta\u00e7\u00e3o do projeto: BrasilDesenvolvimento do projeto: Brasil Conex\u00e3o \u00c1gua \u00e9 um curta-document\u00e1rio que parte da presen\u00e7a invis\u00edvel do c\u00f3rrego \u00c1gua Preta, soterrado sob camadas de concreto em S\u00e3o Paulo, para revelar como a \u00e1gua insiste em criar conex\u00f5es \u2013 territoriais, ambientais e humanas \u2013 mesmo em contextos de apagamento. O filme atravessa diferentes cenas em [&hellip;]"}

14th São Paulo International Architecture Biennale

Conexão água | (se)cura humana - 14ᵃ Bienal Internacional de Arquitetura de São Paulo

<blockquote class="wp-embedded-content" data-secret="vYnOhAcaCE"><a href="https://bienaldearquitetura.org.br/en/programacao/conexao-agua-secura-humana/">Water connection | human (se)healing</a></blockquote><iframe sandbox="allow-scripts" security="restricted" src="https://bienaldearquitetura.org.br/en/programacao/conexao-agua-secura-humana/embed/#?secret=vYnOhAcaCE" width="600" height="338" title="“Water Connection | Human (Se)cure” — 14th São Paulo International Architecture Biennial" data-secret="vYnOhAcaCE" frameborder="0" marginwidth="0" marginheight="0" scrolling="no" class="wp-embedded-content"></iframe><script>
/*! This file is auto-generated */
!function(d,l){"use strict";l.querySelector&&d.addEventListener&&"undefined"!=typeof URL&&(d.wp=d.wp||{},d.wp.receiveEmbedMessage||(d.wp.receiveEmbedMessage=function(e){var t=e.data;if((t||t.secret||t.message||t.value)&&!/[^a-zA-Z0-9]/.test(t.secret)){for(var s,r,n,a=l.querySelectorAll('iframe[data-secret="'+t.secret+'"]'),o=l.querySelectorAll('blockquote[data-secret="'+t.secret+'"]'),c=new RegExp("^https?:$","i"),i=0;i<o.length;i++)o[i].style.display="none";for(i=0;i<a.length;i++)s=a[i],e.source===s.contentWindow&&(s.removeAttribute("style"),"height"===t.message?(1e3<(r=parseInt(t.value,10))?r=1e3:~~r<200&&(r=200),s.height=r):"link"===t.message&&(r=new URL(s.getAttribute("src")),n=new URL(t.value),c.test(n.protocol))&&n.host===r.host&&l.activeElement===s&&(d.top.location.href=t.value))}},d.addEventListener("message",d.wp.receiveEmbedMessage,!1),l.addEventListener("DOMContentLoaded",function(){for(var e,t,s=l.querySelectorAll("iframe.wp-embedded-content"),r=0;r<s.length;r++)(t=(e=s[r]).getAttribute("data-secret"))||(t=Math.random().toString(36).substring(2,12),e.src+="#?secret="+t,e.setAttribute("data-secret",t)),e.contentWindow.postMessage({message:"ready",secret:t},"*")},!1)))}(window,document);
//# sourceURL=https://bienaldearquitetura.org.br/wp-includes/js/wp-embed.min.js
</script>

Implantação do projeto: BrasilDesenvolvimento do projeto: Brasil Conexão Água é um curta-documentário que parte da presença invisível do córrego Água Preta, soterrado sob camadas de concreto em São Paulo, para revelar como a água insiste em criar conexões – territoriais, ambientais e humanas – mesmo em contextos de apagamento. O filme atravessa diferentes cenas em [&hellip;]
