{"id":1800,"date":"2025-04-23T16:36:55","date_gmt":"2025-04-23T19:36:55","guid":{"rendered":"https:\/\/bienaldearquitetura.org.br\/?post_type=avisos&#038;p=1800"},"modified":"2025-12-16T15:35:38","modified_gmt":"2025-12-16T18:35:38","slug":"divulgados-os-horarios-do-circulo-de-palestras-da-14a-bienal","status":"publish","type":"avisos","link":"https:\/\/bienaldearquitetura.org.br\/en\/avisos\/divulgados-os-horarios-do-circulo-de-palestras-da-14a-bienal\/","title":{"rendered":"Virtual Tour of the 14th BIAsp\u00a0"},"content":{"rendered":"<p>The 14th S\u00e3o Paulo International Architecture Biennial, <em>Extremes: Architectures for a hot world.,<\/em> It has expanded beyond physical space and can now be visited from anywhere!&nbsp;<\/p>\n\n\n\n<p>The virtual tour offers a new perspective on the exhibition, which took place from September 18th to October 19th at the Oca in Ibirapuera Park, allowing for fluid, free, and intuitive navigation between the different spaces. During the visit, curatorial content, high-definition images, and details that deepen the spatial and conceptual understanding of the artworks are available.&nbsp;<\/p>\n\n\n\n<p>The platform broadens access, preserves the memory of the Biennial, and creates new ways to experience architecture.&nbsp;<\/p>\n\n\n\n<p><a href=\"https:\/\/cacipore.com.br\/tourVR\/14bienal_de_arquitetura_sp_kci\/\"><strong>Visit the 14th BIAsp here!<\/strong>\u00a0\u00a0<\/a><\/p>\n\n\n\n<p>Explore at your own pace, revisit routes, and deepen your experiences.&nbsp;<\/p>\n\n\n\n<p>The virtual tour will soon be available on the IABsp (Brazilian Institute of Architects \u2013 S\u00e3o Paulo branch) website.<\/p>\n\n\n\n<p><\/p>\n\n\n\n<p><\/p>\n\n\n\n<p><\/p>\n\n\n\n<p><\/p>","protected":false},"featured_media":4324,"template":"","class_list":["post-1800","avisos","type-avisos","status-publish","has-post-thumbnail","hentry"],"acf":[],"yoast_head":"<!-- This site is optimized with the Yoast SEO plugin v27.5 - https:\/\/yoast.com\/product\/yoast-seo-wordpress\/ -->\n<title>TOUR VIRTUAL DA 14\u00aa BIAsp\u00a0 - 14\u1d43 Bienal Internacional de Arquitetura de S\u00e3o Paulo<\/title>\n<meta name=\"robots\" content=\"index, follow, max-snippet:-1, max-image-preview:large, max-video-preview:-1\" \/>\n<link rel=\"canonical\" href=\"https:\/\/bienaldearquitetura.org.br\/en\/avisos\/divulgados-os-horarios-do-circulo-de-palestras-da-14a-bienal\/\" \/>\n<meta property=\"og:locale\" content=\"en_US\" \/>\n<meta property=\"og:type\" content=\"article\" \/>\n<meta property=\"og:title\" content=\"TOUR VIRTUAL DA 14\u00aa BIAsp\u00a0 - 14\u1d43 Bienal Internacional de Arquitetura de S\u00e3o Paulo\" \/>\n<meta property=\"og:description\" content=\"A 14\u00aa Bienal Internacional de Arquitetura de S\u00e3o Paulo, Extremos: Arquiteturas para um mundo quente, se expandiu para al\u00e9m do espa\u00e7o f\u00edsico e agora pode ser visitada de qualquer lugar!&nbsp; O tour virtual prop\u00f5e uma nova leitura da exposi\u00e7\u00e3o, que ocorreu de 18 de setembro a 19 de outubro na Oca no Parque Ibirapuera, permitindo [&hellip;]\" \/>\n<meta property=\"og:url\" content=\"https:\/\/bienaldearquitetura.org.br\/en\/avisos\/divulgados-os-horarios-do-circulo-de-palestras-da-14a-bienal\/\" \/>\n<meta property=\"og:site_name\" content=\"14\u1d43 Bienal Internacional de Arquitetura de S\u00e3o Paulo\" \/>\n<meta property=\"article:modified_time\" content=\"2025-12-16T18:35:38+00:00\" \/>\n<meta property=\"og:image\" content=\"https:\/\/bienaldearquitetura.org.br\/wp-content\/uploads\/2025\/04\/Z-Evento_Foto-Denise-Andrade-IABsp-27-scaled.jpg\" \/>\n\t<meta property=\"og:image:width\" content=\"2560\" \/>\n\t<meta property=\"og:image:height\" content=\"1703\" \/>\n\t<meta property=\"og:image:type\" content=\"image\/jpeg\" \/>\n<meta name=\"twitter:card\" content=\"summary_large_image\" \/>\n<meta name=\"twitter:label1\" content=\"Est. reading time\" \/>\n\t<meta name=\"twitter:data1\" content=\"1 minute\" \/>\n<script type=\"application\/ld+json\" class=\"yoast-schema-graph\">{\"@context\":\"https:\\\/\\\/schema.org\",\"@graph\":[{\"@type\":\"WebPage\",\"@id\":\"https:\\\/\\\/bienaldearquitetura.org.br\\\/avisos\\\/divulgados-os-horarios-do-circulo-de-palestras-da-14a-bienal\\\/\",\"url\":\"https:\\\/\\\/bienaldearquitetura.org.br\\\/avisos\\\/divulgados-os-horarios-do-circulo-de-palestras-da-14a-bienal\\\/\",\"name\":\"TOUR VIRTUAL DA 14\u00aa BIAsp\u00a0 - 14\u1d43 Bienal Internacional de Arquitetura de S\u00e3o Paulo\",\"isPartOf\":{\"@id\":\"https:\\\/\\\/bienaldearquitetura.org.br\\\/#website\"},\"primaryImageOfPage\":{\"@id\":\"https:\\\/\\\/bienaldearquitetura.org.br\\\/avisos\\\/divulgados-os-horarios-do-circulo-de-palestras-da-14a-bienal\\\/#primaryimage\"},\"image\":{\"@id\":\"https:\\\/\\\/bienaldearquitetura.org.br\\\/avisos\\\/divulgados-os-horarios-do-circulo-de-palestras-da-14a-bienal\\\/#primaryimage\"},\"thumbnailUrl\":\"https:\\\/\\\/bienaldearquitetura.org.br\\\/wp-content\\\/uploads\\\/2025\\\/04\\\/Z-Evento_Foto-Denise-Andrade-IABsp-27-scaled.jpg\",\"datePublished\":\"2025-04-23T19:36:55+00:00\",\"dateModified\":\"2025-12-16T18:35:38+00:00\",\"breadcrumb\":{\"@id\":\"https:\\\/\\\/bienaldearquitetura.org.br\\\/avisos\\\/divulgados-os-horarios-do-circulo-de-palestras-da-14a-bienal\\\/#breadcrumb\"},\"inLanguage\":\"en-US\",\"potentialAction\":[{\"@type\":\"ReadAction\",\"target\":[\"https:\\\/\\\/bienaldearquitetura.org.br\\\/avisos\\\/divulgados-os-horarios-do-circulo-de-palestras-da-14a-bienal\\\/\"]}]},{\"@type\":\"ImageObject\",\"inLanguage\":\"en-US\",\"@id\":\"https:\\\/\\\/bienaldearquitetura.org.br\\\/avisos\\\/divulgados-os-horarios-do-circulo-de-palestras-da-14a-bienal\\\/#primaryimage\",\"url\":\"https:\\\/\\\/bienaldearquitetura.org.br\\\/wp-content\\\/uploads\\\/2025\\\/04\\\/Z-Evento_Foto-Denise-Andrade-IABsp-27-scaled.jpg\",\"contentUrl\":\"https:\\\/\\\/bienaldearquitetura.org.br\\\/wp-content\\\/uploads\\\/2025\\\/04\\\/Z-Evento_Foto-Denise-Andrade-IABsp-27-scaled.jpg\",\"width\":2560,\"height\":1703},{\"@type\":\"BreadcrumbList\",\"@id\":\"https:\\\/\\\/bienaldearquitetura.org.br\\\/avisos\\\/divulgados-os-horarios-do-circulo-de-palestras-da-14a-bienal\\\/#breadcrumb\",\"itemListElement\":[{\"@type\":\"ListItem\",\"position\":1,\"name\":\"In\u00edcio\",\"item\":\"https:\\\/\\\/bienaldearquitetura.org.br\\\/\"},{\"@type\":\"ListItem\",\"position\":2,\"name\":\"Avisos\",\"item\":\"https:\\\/\\\/bienaldearquitetura.org.br\\\/avisos\\\/\"},{\"@type\":\"ListItem\",\"position\":3,\"name\":\"TOUR VIRTUAL DA 14\u00aa BIAsp\u00a0\"}]},{\"@type\":\"WebSite\",\"@id\":\"https:\\\/\\\/bienaldearquitetura.org.br\\\/#website\",\"url\":\"https:\\\/\\\/bienaldearquitetura.org.br\\\/\",\"name\":\"14\u1d43 Bienal Internacional de Arquitetura de S\u00e3o Paulo\",\"description\":\"Arquiteturas para um Mundo Quente\",\"potentialAction\":[{\"@type\":\"SearchAction\",\"target\":{\"@type\":\"EntryPoint\",\"urlTemplate\":\"https:\\\/\\\/bienaldearquitetura.org.br\\\/?s={search_term_string}\"},\"query-input\":{\"@type\":\"PropertyValueSpecification\",\"valueRequired\":true,\"valueName\":\"search_term_string\"}}],\"inLanguage\":\"en-US\"}]}<\/script>\n<!-- \/ Yoast SEO plugin. -->","yoast_head_json":{"title":"Virtual Tour of the 14th BIAsp - 14th International Architecture Biennial of S\u00e3o Paulo","robots":{"index":"index","follow":"follow","max-snippet":"max-snippet:-1","max-image-preview":"max-image-preview:large","max-video-preview":"max-video-preview:-1"},"canonical":"https:\/\/bienaldearquitetura.org.br\/en\/avisos\/divulgados-os-horarios-do-circulo-de-palestras-da-14a-bienal\/","og_locale":"en_US","og_type":"article","og_title":"TOUR VIRTUAL DA 14\u00aa BIAsp\u00a0 - 14\u1d43 Bienal Internacional de Arquitetura de S\u00e3o Paulo","og_description":"A 14\u00aa Bienal Internacional de Arquitetura de S\u00e3o Paulo, Extremos: Arquiteturas para um mundo quente, se expandiu para al\u00e9m do espa\u00e7o f\u00edsico e agora pode ser visitada de qualquer lugar!&nbsp; O tour virtual prop\u00f5e uma nova leitura da exposi\u00e7\u00e3o, que ocorreu de 18 de setembro a 19 de outubro na Oca no Parque Ibirapuera, permitindo [&hellip;]","og_url":"https:\/\/bienaldearquitetura.org.br\/en\/avisos\/divulgados-os-horarios-do-circulo-de-palestras-da-14a-bienal\/","og_site_name":"14\u1d43 Bienal Internacional de Arquitetura de S\u00e3o Paulo","article_modified_time":"2025-12-16T18:35:38+00:00","og_image":[{"width":2560,"height":1703,"url":"https:\/\/bienaldearquitetura.org.br\/wp-content\/uploads\/2025\/04\/Z-Evento_Foto-Denise-Andrade-IABsp-27-scaled.jpg","type":"image\/jpeg"}],"twitter_card":"summary_large_image","twitter_misc":{"Est. reading time":"1 minute"},"schema":{"@context":"https:\/\/schema.org","@graph":[{"@type":"WebPage","@id":"https:\/\/bienaldearquitetura.org.br\/avisos\/divulgados-os-horarios-do-circulo-de-palestras-da-14a-bienal\/","url":"https:\/\/bienaldearquitetura.org.br\/avisos\/divulgados-os-horarios-do-circulo-de-palestras-da-14a-bienal\/","name":"Virtual Tour of the 14th BIAsp - 14th International Architecture Biennial of S\u00e3o Paulo","isPartOf":{"@id":"https:\/\/bienaldearquitetura.org.br\/#website"},"primaryImageOfPage":{"@id":"https:\/\/bienaldearquitetura.org.br\/avisos\/divulgados-os-horarios-do-circulo-de-palestras-da-14a-bienal\/#primaryimage"},"image":{"@id":"https:\/\/bienaldearquitetura.org.br\/avisos\/divulgados-os-horarios-do-circulo-de-palestras-da-14a-bienal\/#primaryimage"},"thumbnailUrl":"https:\/\/bienaldearquitetura.org.br\/wp-content\/uploads\/2025\/04\/Z-Evento_Foto-Denise-Andrade-IABsp-27-scaled.jpg","datePublished":"2025-04-23T19:36:55+00:00","dateModified":"2025-12-16T18:35:38+00:00","breadcrumb":{"@id":"https:\/\/bienaldearquitetura.org.br\/avisos\/divulgados-os-horarios-do-circulo-de-palestras-da-14a-bienal\/#breadcrumb"},"inLanguage":"en-US","potentialAction":[{"@type":"ReadAction","target":["https:\/\/bienaldearquitetura.org.br\/avisos\/divulgados-os-horarios-do-circulo-de-palestras-da-14a-bienal\/"]}]},{"@type":"ImageObject","inLanguage":"en-US","@id":"https:\/\/bienaldearquitetura.org.br\/avisos\/divulgados-os-horarios-do-circulo-de-palestras-da-14a-bienal\/#primaryimage","url":"https:\/\/bienaldearquitetura.org.br\/wp-content\/uploads\/2025\/04\/Z-Evento_Foto-Denise-Andrade-IABsp-27-scaled.jpg","contentUrl":"https:\/\/bienaldearquitetura.org.br\/wp-content\/uploads\/2025\/04\/Z-Evento_Foto-Denise-Andrade-IABsp-27-scaled.jpg","width":2560,"height":1703},{"@type":"BreadcrumbList","@id":"https:\/\/bienaldearquitetura.org.br\/avisos\/divulgados-os-horarios-do-circulo-de-palestras-da-14a-bienal\/#breadcrumb","itemListElement":[{"@type":"ListItem","position":1,"name":"In\u00edcio","item":"https:\/\/bienaldearquitetura.org.br\/"},{"@type":"ListItem","position":2,"name":"Avisos","item":"https:\/\/bienaldearquitetura.org.br\/avisos\/"},{"@type":"ListItem","position":3,"name":"TOUR VIRTUAL DA 14\u00aa BIAsp\u00a0"}]},{"@type":"WebSite","@id":"https:\/\/bienaldearquitetura.org.br\/#website","url":"https:\/\/bienaldearquitetura.org.br\/","name":"14th S\u00e3o Paulo International Architecture Biennale","description":"Architectures for a Hot World","potentialAction":[{"@type":"SearchAction","target":{"@type":"EntryPoint","urlTemplate":"https:\/\/bienaldearquitetura.org.br\/?s={search_term_string}"},"query-input":{"@type":"PropertyValueSpecification","valueRequired":true,"valueName":"search_term_string"}}],"inLanguage":"en-US"}]}},"_links":{"self":[{"href":"https:\/\/bienaldearquitetura.org.br\/en\/wp-json\/wp\/v2\/avisos\/1800","targetHints":{"allow":["GET"]}}],"collection":[{"href":"https:\/\/bienaldearquitetura.org.br\/en\/wp-json\/wp\/v2\/avisos"}],"about":[{"href":"https:\/\/bienaldearquitetura.org.br\/en\/wp-json\/wp\/v2\/types\/avisos"}],"wp:featuredmedia":[{"embeddable":true,"href":"https:\/\/bienaldearquitetura.org.br\/en\/wp-json\/wp\/v2\/media\/4324"}],"wp:attachment":[{"href":"https:\/\/bienaldearquitetura.org.br\/en\/wp-json\/wp\/v2\/media?parent=1800"}],"curies":[{"name":"wp","href":"https:\/\/api.w.org\/{rel}","templated":true}]}}

<p>The 14th São Paulo International Architecture Biennial, <em>Extremes: Architectures for a hot world.,</em> It has expanded beyond physical space and can now be visited from anywhere!&nbsp;</p>



<p>The virtual tour offers a new perspective on the exhibition, which took place from September 18th to October 19th at the Oca in Ibirapuera Park, allowing for fluid, free, and intuitive navigation between the different spaces. During the visit, curatorial content, high-definition images, and details that deepen the spatial and conceptual understanding of the artworks are available.&nbsp;</p>



<p>The platform broadens access, preserves the memory of the Biennial, and creates new ways to experience architecture.&nbsp;</p>



<p><a href="https://cacipore.com.br/tourVR/14bienal_de_arquitetura_sp_kci/"><strong>Visit the 14th BIAsp here!</strong>  </a></p>



<p>Explore at your own pace, revisit routes, and deepen your experiences.&nbsp;</p>



<p>The virtual tour will soon be available on the IABsp (Brazilian Institute of Architects – São Paulo branch) website.</p>



<p></p>



<p></p>



<p></p>



<p></p>

<!-- This site is optimized with the Yoast SEO plugin v27.5 - https://yoast.com/product/yoast-seo-wordpress/ -->
<title>TOUR VIRTUAL DA 14ª BIAsp  - 14ᵃ Bienal Internacional de Arquitetura de São Paulo</title>
<meta name="robots" content="index, follow, max-snippet:-1, max-image-preview:large, max-video-preview:-1" />
<link rel="canonical" href="https://bienaldearquitetura.org.br/en/avisos/divulgados-os-horarios-do-circulo-de-palestras-da-14a-bienal/" />
<meta property="og:locale" content="en_US" />
<meta property="og:type" content="article" />
<meta property="og:title" content="TOUR VIRTUAL DA 14ª BIAsp  - 14ᵃ Bienal Internacional de Arquitetura de São Paulo" />
<meta property="og:description" content="A 14ª Bienal Internacional de Arquitetura de São Paulo, Extremos: Arquiteturas para um mundo quente, se expandiu para além do espaço físico e agora pode ser visitada de qualquer lugar!&nbsp; O tour virtual propõe uma nova leitura da exposição, que ocorreu de 18 de setembro a 19 de outubro na Oca no Parque Ibirapuera, permitindo [&hellip;]" />
<meta property="og:url" content="https://bienaldearquitetura.org.br/en/avisos/divulgados-os-horarios-do-circulo-de-palestras-da-14a-bienal/" />
<meta property="og:site_name" content="14ᵃ Bienal Internacional de Arquitetura de São Paulo" />
<meta property="article:modified_time" content="2025-12-16T18:35:38+00:00" />
<meta property="og:image" content="https://bienaldearquitetura.org.br/wp-content/uploads/2025/04/Z-Evento_Foto-Denise-Andrade-IABsp-27-scaled.jpg" />
	<meta property="og:image:width" content="2560" />
	<meta property="og:image:height" content="1703" />
	<meta property="og:image:type" content="image/jpeg" />
<meta name="twitter:card" content="summary_large_image" />
<meta name="twitter:label1" content="Est. reading time" />
	<meta name="twitter:data1" content="1 minute" />
<script type="application/ld+json" class="yoast-schema-graph">{"@context":"https:\/\/schema.org","@graph":[{"@type":"WebPage","@id":"https:\/\/bienaldearquitetura.org.br\/avisos\/divulgados-os-horarios-do-circulo-de-palestras-da-14a-bienal\/","url":"https:\/\/bienaldearquitetura.org.br\/avisos\/divulgados-os-horarios-do-circulo-de-palestras-da-14a-bienal\/","name":"TOUR VIRTUAL DA 14ª BIAsp  - 14ᵃ Bienal Internacional de Arquitetura de São Paulo","isPartOf":{"@id":"https:\/\/bienaldearquitetura.org.br\/#website"},"primaryImageOfPage":{"@id":"https:\/\/bienaldearquitetura.org.br\/avisos\/divulgados-os-horarios-do-circulo-de-palestras-da-14a-bienal\/#primaryimage"},"image":{"@id":"https:\/\/bienaldearquitetura.org.br\/avisos\/divulgados-os-horarios-do-circulo-de-palestras-da-14a-bienal\/#primaryimage"},"thumbnailUrl":"https:\/\/bienaldearquitetura.org.br\/wp-content\/uploads\/2025\/04\/Z-Evento_Foto-Denise-Andrade-IABsp-27-scaled.jpg","datePublished":"2025-04-23T19:36:55+00:00","dateModified":"2025-12-16T18:35:38+00:00","breadcrumb":{"@id":"https:\/\/bienaldearquitetura.org.br\/avisos\/divulgados-os-horarios-do-circulo-de-palestras-da-14a-bienal\/#breadcrumb"},"inLanguage":"en-US","potentialAction":[{"@type":"ReadAction","target":["https:\/\/bienaldearquitetura.org.br\/avisos\/divulgados-os-horarios-do-circulo-de-palestras-da-14a-bienal\/"]}]},{"@type":"ImageObject","inLanguage":"en-US","@id":"https:\/\/bienaldearquitetura.org.br\/avisos\/divulgados-os-horarios-do-circulo-de-palestras-da-14a-bienal\/#primaryimage","url":"https:\/\/bienaldearquitetura.org.br\/wp-content\/uploads\/2025\/04\/Z-Evento_Foto-Denise-Andrade-IABsp-27-scaled.jpg","contentUrl":"https:\/\/bienaldearquitetura.org.br\/wp-content\/uploads\/2025\/04\/Z-Evento_Foto-Denise-Andrade-IABsp-27-scaled.jpg","width":2560,"height":1703},{"@type":"BreadcrumbList","@id":"https:\/\/bienaldearquitetura.org.br\/avisos\/divulgados-os-horarios-do-circulo-de-palestras-da-14a-bienal\/#breadcrumb","itemListElement":[{"@type":"ListItem","position":1,"name":"Início","item":"https:\/\/bienaldearquitetura.org.br\/"},{"@type":"ListItem","position":2,"name":"Avisos","item":"https:\/\/bienaldearquitetura.org.br\/avisos\/"},{"@type":"ListItem","position":3,"name":"TOUR VIRTUAL DA 14ª BIAsp "}]},{"@type":"WebSite","@id":"https:\/\/bienaldearquitetura.org.br\/#website","url":"https:\/\/bienaldearquitetura.org.br\/","name":"14ᵃ Bienal Internacional de Arquitetura de São Paulo","description":"Arquiteturas para um Mundo Quente","potentialAction":[{"@type":"SearchAction","target":{"@type":"EntryPoint","urlTemplate":"https:\/\/bienaldearquitetura.org.br\/?s={search_term_string}"},"query-input":{"@type":"PropertyValueSpecification","valueRequired":true,"valueName":"search_term_string"}}],"inLanguage":"en-US"}]}</script>
<!-- / Yoast SEO plugin. -->

Virtual Tour of the 14th BIAsp - 14th International Architecture Biennial of São Paulo

TOUR VIRTUAL DA 14ª BIAsp  - 14ᵃ Bienal Internacional de Arquitetura de São Paulo

A 14ª Bienal Internacional de Arquitetura de São Paulo, Extremos: Arquiteturas para um mundo quente, se expandiu para além do espaço físico e agora pode ser visitada de qualquer lugar!&nbsp; O tour virtual propõe uma nova leitura da exposição, que ocorreu de 18 de setembro a 19 de outubro na Oca no Parque Ibirapuera, permitindo [&hellip;]

14ᵃ Bienal Internacional de Arquitetura de São Paulo

Início

TOUR VIRTUAL DA 14ª BIAsp

14th São Paulo International Architecture Biennale
