{"id":2927,"date":"2025-09-05T16:53:45","date_gmt":"2025-09-05T19:53:45","guid":{"rendered":"https:\/\/bienaldearquitetura.org.br\/?post_type=programacao&#038;p=2927"},"modified":"2025-09-05T16:53:46","modified_gmt":"2025-09-05T19:53:46","slug":"opfelchuechli-retracing-urban-memory-through-food","status":"publish","type":"programacao","link":"https:\/\/bienaldearquitetura.org.br\/en\/programacao\/opfelchuechli-retracing-urban-memory-through-food\/","title":{"rendered":"\u00d6pfelch\u00fcechli \u2013 Retracing urban memory through food"},"content":{"rendered":"<p>Project implementation: Switzerland<br>Project development: Switzerland<\/p>\n\n\n\n<p>\u201c\u00d6pfelch\u00fcechli\u201d (\u201cFried Apple Rings\u201d) is a film essay by David Menzi that explores the transformation of Swiss farmland into suburban sprawl and the parallel erosion of cultural memory. Central to the film is the memory of a dish from his grandmother\u2019s kitchen, intimately linked to the apple trees that once surrounded the family home in Volketswil, a suburb of Zurich. As Menzi recalls, \u201cWhenever I smell the aroma of the dish, I have very vivid memories of picking apples from the farmland.\u201d Through these sensory memories, the film connects personal notes with broader issues of environmental and cultural change.<br>Using overlapping aerial images, found footage from the family archive, and sequences capturing the current landscape, \u00d6pfelch\u00fcechli traces how the land was transformed into a generic suburban cluster of gas stations, parking lots, and industrial developments. The film creates a juxtaposition of different contemplative media that allows viewers to perceive both the changes in the landscape and in cultural memory.<br>\u00d6pfelch\u00fcechli functions not only as a metaphor for the traces of a vanished landscape, but also as a reflection on the disappearance of biodiversity caused by urban sprawl. The film invites the audience to reflect on their own heritage and the environments they inhabit.<br>The film was inspired by and developed from conversations about \u201cUrban Food\u201d with G\u00fcnther Vogt at ETH Z\u00fcrich in 2022.<br>David Menzi (he\/him, b. 1992) spent a year collaborating with professionals beyond the field of architecture in pursuit of post-disciplinary ambitions. He completed his architectural studies in Zurich, Switzerland, and Ahmedabad, India. Through his practice and encounters, Menzi explores issues of placemaking, narrative construction, collaborative processes, and more.<\/p>","protected":false},"featured_media":2928,"template":"","evento-passado":[55],"local":[35],"tipo-de-atividade":[61],"tipo-de-forum":[],"class_list":["post-2927","programacao","type-programacao","status-publish","has-post-thumbnail","hentry","evento-passado-sim","local-pavilhao-da-oca","tipo-de-atividade-exposicao"],"acf":[],"yoast_head":"<!-- This site is optimized with the Yoast SEO plugin v27.4 - https:\/\/yoast.com\/product\/yoast-seo-wordpress\/ -->\n<title>\u00d6pfelch\u00fcechli \u2013 Retracing urban memory through food - 14\u1d43 Bienal Internacional de Arquitetura de S\u00e3o Paulo<\/title>\n<meta name=\"robots\" content=\"index, follow, max-snippet:-1, max-image-preview:large, max-video-preview:-1\" \/>\n<link rel=\"canonical\" href=\"https:\/\/bienaldearquitetura.org.br\/en\/programacao\/opfelchuechli-retracing-urban-memory-through-food\/\" \/>\n<meta property=\"og:locale\" content=\"en_US\" \/>\n<meta property=\"og:type\" content=\"article\" \/>\n<meta property=\"og:title\" content=\"\u00d6pfelch\u00fcechli \u2013 Retracing urban memory through food - 14\u1d43 Bienal Internacional de Arquitetura de S\u00e3o Paulo\" \/>\n<meta property=\"og:description\" content=\"Implanta\u00e7\u00e3o do projeto: Su\u00ed\u00e7aDesenvolvimento do projeto: Su\u00ed\u00e7a \u201c\u00d6pfelch\u00fcechli\u201d (\u201cAn\u00e9is de Ma\u00e7\u00e3 Fritos\u201d) \u00e9 um filme-ensaio de David Menzi que explora a transforma\u00e7\u00e3o de terras agr\u00edcolas su\u00ed\u00e7as em expans\u00e3o suburbana e a paralela eros\u00e3o da mem\u00f3ria cultural. Central para o filme \u00e9 a lembran\u00e7a de um prato da cozinha de sua av\u00f3, intimamente ligado \u00e0s macieiras [&hellip;]\" \/>\n<meta property=\"og:url\" content=\"https:\/\/bienaldearquitetura.org.br\/en\/programacao\/opfelchuechli-retracing-urban-memory-through-food\/\" \/>\n<meta property=\"og:site_name\" content=\"14\u1d43 Bienal Internacional de Arquitetura de S\u00e3o Paulo\" \/>\n<meta property=\"article:modified_time\" content=\"2025-09-05T19:53:46+00:00\" \/>\n<meta property=\"og:image\" content=\"https:\/\/bienaldearquitetura.org.br\/wp-content\/uploads\/2025\/09\/img1-D-Menzi-dm-scaled.jpg\" \/>\n\t<meta property=\"og:image:width\" content=\"2560\" \/>\n\t<meta property=\"og:image:height\" content=\"1706\" \/>\n\t<meta property=\"og:image:type\" content=\"image\/jpeg\" \/>\n<meta name=\"twitter:card\" content=\"summary_large_image\" \/>\n<meta name=\"twitter:label1\" content=\"Est. reading time\" \/>\n\t<meta name=\"twitter:data1\" content=\"2 minutes\" \/>\n<script type=\"application\/ld+json\" class=\"yoast-schema-graph\">{\"@context\":\"https:\\\/\\\/schema.org\",\"@graph\":[{\"@type\":\"WebPage\",\"@id\":\"https:\\\/\\\/bienaldearquitetura.org.br\\\/programacao\\\/opfelchuechli-retracing-urban-memory-through-food\\\/\",\"url\":\"https:\\\/\\\/bienaldearquitetura.org.br\\\/programacao\\\/opfelchuechli-retracing-urban-memory-through-food\\\/\",\"name\":\"\u00d6pfelch\u00fcechli \u2013 Retracing urban memory through food - 14\u1d43 Bienal Internacional de Arquitetura de S\u00e3o Paulo\",\"isPartOf\":{\"@id\":\"https:\\\/\\\/bienaldearquitetura.org.br\\\/#website\"},\"primaryImageOfPage\":{\"@id\":\"https:\\\/\\\/bienaldearquitetura.org.br\\\/programacao\\\/opfelchuechli-retracing-urban-memory-through-food\\\/#primaryimage\"},\"image\":{\"@id\":\"https:\\\/\\\/bienaldearquitetura.org.br\\\/programacao\\\/opfelchuechli-retracing-urban-memory-through-food\\\/#primaryimage\"},\"thumbnailUrl\":\"https:\\\/\\\/bienaldearquitetura.org.br\\\/wp-content\\\/uploads\\\/2025\\\/09\\\/img1-D-Menzi-dm-scaled.jpg\",\"datePublished\":\"2025-09-05T19:53:45+00:00\",\"dateModified\":\"2025-09-05T19:53:46+00:00\",\"breadcrumb\":{\"@id\":\"https:\\\/\\\/bienaldearquitetura.org.br\\\/programacao\\\/opfelchuechli-retracing-urban-memory-through-food\\\/#breadcrumb\"},\"inLanguage\":\"en-US\",\"potentialAction\":[{\"@type\":\"ReadAction\",\"target\":[\"https:\\\/\\\/bienaldearquitetura.org.br\\\/programacao\\\/opfelchuechli-retracing-urban-memory-through-food\\\/\"]}]},{\"@type\":\"ImageObject\",\"inLanguage\":\"en-US\",\"@id\":\"https:\\\/\\\/bienaldearquitetura.org.br\\\/programacao\\\/opfelchuechli-retracing-urban-memory-through-food\\\/#primaryimage\",\"url\":\"https:\\\/\\\/bienaldearquitetura.org.br\\\/wp-content\\\/uploads\\\/2025\\\/09\\\/img1-D-Menzi-dm-scaled.jpg\",\"contentUrl\":\"https:\\\/\\\/bienaldearquitetura.org.br\\\/wp-content\\\/uploads\\\/2025\\\/09\\\/img1-D-Menzi-dm-scaled.jpg\",\"width\":2560,\"height\":1706},{\"@type\":\"BreadcrumbList\",\"@id\":\"https:\\\/\\\/bienaldearquitetura.org.br\\\/programacao\\\/opfelchuechli-retracing-urban-memory-through-food\\\/#breadcrumb\",\"itemListElement\":[{\"@type\":\"ListItem\",\"position\":1,\"name\":\"In\u00edcio\",\"item\":\"https:\\\/\\\/bienaldearquitetura.org.br\\\/\"},{\"@type\":\"ListItem\",\"position\":2,\"name\":\"Programa\u00e7\u00e3o\",\"item\":\"https:\\\/\\\/bienaldearquitetura.org.br\\\/programacao\\\/\"},{\"@type\":\"ListItem\",\"position\":3,\"name\":\"\u00d6pfelch\u00fcechli \u2013 Retracing urban memory through food\"}]},{\"@type\":\"WebSite\",\"@id\":\"https:\\\/\\\/bienaldearquitetura.org.br\\\/#website\",\"url\":\"https:\\\/\\\/bienaldearquitetura.org.br\\\/\",\"name\":\"14\u1d43 Bienal Internacional de Arquitetura de S\u00e3o Paulo\",\"description\":\"Arquiteturas para um Mundo Quente\",\"potentialAction\":[{\"@type\":\"SearchAction\",\"target\":{\"@type\":\"EntryPoint\",\"urlTemplate\":\"https:\\\/\\\/bienaldearquitetura.org.br\\\/?s={search_term_string}\"},\"query-input\":{\"@type\":\"PropertyValueSpecification\",\"valueRequired\":true,\"valueName\":\"search_term_string\"}}],\"inLanguage\":\"en-US\"}]}<\/script>\n<!-- \/ Yoast SEO plugin. -->","yoast_head_json":{"title":"\u00d6pfelch\u00fcechli \u2013 Retracing urban memory through food - 14th S\u00e3o Paulo International Architecture Biennial","robots":{"index":"index","follow":"follow","max-snippet":"max-snippet:-1","max-image-preview":"max-image-preview:large","max-video-preview":"max-video-preview:-1"},"canonical":"https:\/\/bienaldearquitetura.org.br\/en\/programacao\/opfelchuechli-retracing-urban-memory-through-food\/","og_locale":"en_US","og_type":"article","og_title":"\u00d6pfelch\u00fcechli \u2013 Retracing urban memory through food - 14\u1d43 Bienal Internacional de Arquitetura de S\u00e3o Paulo","og_description":"Implanta\u00e7\u00e3o do projeto: Su\u00ed\u00e7aDesenvolvimento do projeto: Su\u00ed\u00e7a \u201c\u00d6pfelch\u00fcechli\u201d (\u201cAn\u00e9is de Ma\u00e7\u00e3 Fritos\u201d) \u00e9 um filme-ensaio de David Menzi que explora a transforma\u00e7\u00e3o de terras agr\u00edcolas su\u00ed\u00e7as em expans\u00e3o suburbana e a paralela eros\u00e3o da mem\u00f3ria cultural. Central para o filme \u00e9 a lembran\u00e7a de um prato da cozinha de sua av\u00f3, intimamente ligado \u00e0s macieiras [&hellip;]","og_url":"https:\/\/bienaldearquitetura.org.br\/en\/programacao\/opfelchuechli-retracing-urban-memory-through-food\/","og_site_name":"14\u1d43 Bienal Internacional de Arquitetura de S\u00e3o Paulo","article_modified_time":"2025-09-05T19:53:46+00:00","og_image":[{"width":2560,"height":1706,"url":"https:\/\/bienaldearquitetura.org.br\/wp-content\/uploads\/2025\/09\/img1-D-Menzi-dm-scaled.jpg","type":"image\/jpeg"}],"twitter_card":"summary_large_image","twitter_misc":{"Est. reading time":"2 minutes"},"schema":{"@context":"https:\/\/schema.org","@graph":[{"@type":"WebPage","@id":"https:\/\/bienaldearquitetura.org.br\/programacao\/opfelchuechli-retracing-urban-memory-through-food\/","url":"https:\/\/bienaldearquitetura.org.br\/programacao\/opfelchuechli-retracing-urban-memory-through-food\/","name":"\u00d6pfelch\u00fcechli \u2013 Retracing urban memory through food - 14th S\u00e3o Paulo International Architecture Biennial","isPartOf":{"@id":"https:\/\/bienaldearquitetura.org.br\/#website"},"primaryImageOfPage":{"@id":"https:\/\/bienaldearquitetura.org.br\/programacao\/opfelchuechli-retracing-urban-memory-through-food\/#primaryimage"},"image":{"@id":"https:\/\/bienaldearquitetura.org.br\/programacao\/opfelchuechli-retracing-urban-memory-through-food\/#primaryimage"},"thumbnailUrl":"https:\/\/bienaldearquitetura.org.br\/wp-content\/uploads\/2025\/09\/img1-D-Menzi-dm-scaled.jpg","datePublished":"2025-09-05T19:53:45+00:00","dateModified":"2025-09-05T19:53:46+00:00","breadcrumb":{"@id":"https:\/\/bienaldearquitetura.org.br\/programacao\/opfelchuechli-retracing-urban-memory-through-food\/#breadcrumb"},"inLanguage":"en-US","potentialAction":[{"@type":"ReadAction","target":["https:\/\/bienaldearquitetura.org.br\/programacao\/opfelchuechli-retracing-urban-memory-through-food\/"]}]},{"@type":"ImageObject","inLanguage":"en-US","@id":"https:\/\/bienaldearquitetura.org.br\/programacao\/opfelchuechli-retracing-urban-memory-through-food\/#primaryimage","url":"https:\/\/bienaldearquitetura.org.br\/wp-content\/uploads\/2025\/09\/img1-D-Menzi-dm-scaled.jpg","contentUrl":"https:\/\/bienaldearquitetura.org.br\/wp-content\/uploads\/2025\/09\/img1-D-Menzi-dm-scaled.jpg","width":2560,"height":1706},{"@type":"BreadcrumbList","@id":"https:\/\/bienaldearquitetura.org.br\/programacao\/opfelchuechli-retracing-urban-memory-through-food\/#breadcrumb","itemListElement":[{"@type":"ListItem","position":1,"name":"In\u00edcio","item":"https:\/\/bienaldearquitetura.org.br\/"},{"@type":"ListItem","position":2,"name":"Programa\u00e7\u00e3o","item":"https:\/\/bienaldearquitetura.org.br\/programacao\/"},{"@type":"ListItem","position":3,"name":"\u00d6pfelch\u00fcechli \u2013 Retracing urban memory through food"}]},{"@type":"WebSite","@id":"https:\/\/bienaldearquitetura.org.br\/#website","url":"https:\/\/bienaldearquitetura.org.br\/","name":"14th S\u00e3o Paulo International Architecture Biennale","description":"Architectures for a Hot World","potentialAction":[{"@type":"SearchAction","target":{"@type":"EntryPoint","urlTemplate":"https:\/\/bienaldearquitetura.org.br\/?s={search_term_string}"},"query-input":{"@type":"PropertyValueSpecification","valueRequired":true,"valueName":"search_term_string"}}],"inLanguage":"en-US"}]}},"_links":{"self":[{"href":"https:\/\/bienaldearquitetura.org.br\/en\/wp-json\/wp\/v2\/programacao\/2927","targetHints":{"allow":["GET"]}}],"collection":[{"href":"https:\/\/bienaldearquitetura.org.br\/en\/wp-json\/wp\/v2\/programacao"}],"about":[{"href":"https:\/\/bienaldearquitetura.org.br\/en\/wp-json\/wp\/v2\/types\/programacao"}],"wp:featuredmedia":[{"embeddable":true,"href":"https:\/\/bienaldearquitetura.org.br\/en\/wp-json\/wp\/v2\/media\/2928"}],"wp:attachment":[{"href":"https:\/\/bienaldearquitetura.org.br\/en\/wp-json\/wp\/v2\/media?parent=2927"}],"wp:term":[{"taxonomy":"evento-passado","embeddable":true,"href":"https:\/\/bienaldearquitetura.org.br\/en\/wp-json\/wp\/v2\/evento-passado?post=2927"},{"taxonomy":"local","embeddable":true,"href":"https:\/\/bienaldearquitetura.org.br\/en\/wp-json\/wp\/v2\/local?post=2927"},{"taxonomy":"tipo-de-atividade","embeddable":true,"href":"https:\/\/bienaldearquitetura.org.br\/en\/wp-json\/wp\/v2\/tipo-de-atividade?post=2927"},{"taxonomy":"tipo-de-forum","embeddable":true,"href":"https:\/\/bienaldearquitetura.org.br\/en\/wp-json\/wp\/v2\/tipo-de-forum?post=2927"}],"curies":[{"name":"wp","href":"https:\/\/api.w.org\/{rel}","templated":true}]}}

Öpfelchüechli – Retracing urban memory through food

<p>Project implementation: Switzerland<br>Project development: Switzerland</p>



<p>“Öpfelchüechli” (“Fried Apple Rings”) is a film essay by David Menzi that explores the transformation of Swiss farmland into suburban sprawl and the parallel erosion of cultural memory. Central to the film is the memory of a dish from his grandmother’s kitchen, intimately linked to the apple trees that once surrounded the family home in Volketswil, a suburb of Zurich. As Menzi recalls, “Whenever I smell the aroma of the dish, I have very vivid memories of picking apples from the farmland.” Through these sensory memories, the film connects personal notes with broader issues of environmental and cultural change.<br>Using overlapping aerial images, found footage from the family archive, and sequences capturing the current landscape, Öpfelchüechli traces how the land was transformed into a generic suburban cluster of gas stations, parking lots, and industrial developments. The film creates a juxtaposition of different contemplative media that allows viewers to perceive both the changes in the landscape and in cultural memory.<br>Öpfelchüechli functions not only as a metaphor for the traces of a vanished landscape, but also as a reflection on the disappearance of biodiversity caused by urban sprawl. The film invites the audience to reflect on their own heritage and the environments they inhabit.<br>The film was inspired by and developed from conversations about “Urban Food” with Günther Vogt at ETH Zürich in 2022.<br>David Menzi (he/him, b. 1992) spent a year collaborating with professionals beyond the field of architecture in pursuit of post-disciplinary ambitions. He completed his architectural studies in Zurich, Switzerland, and Ahmedabad, India. Through his practice and encounters, Menzi explores issues of placemaking, narrative construction, collaborative processes, and more.</p>

<!-- This site is optimized with the Yoast SEO plugin v27.4 - https://yoast.com/product/yoast-seo-wordpress/ -->
<title>Öpfelchüechli – Retracing urban memory through food - 14ᵃ Bienal Internacional de Arquitetura de São Paulo</title>
<meta name="robots" content="index, follow, max-snippet:-1, max-image-preview:large, max-video-preview:-1" />
<link rel="canonical" href="https://bienaldearquitetura.org.br/en/programacao/opfelchuechli-retracing-urban-memory-through-food/" />
<meta property="og:locale" content="en_US" />
<meta property="og:type" content="article" />
<meta property="og:title" content="Öpfelchüechli – Retracing urban memory through food - 14ᵃ Bienal Internacional de Arquitetura de São Paulo" />
<meta property="og:description" content="Implantação do projeto: SuíçaDesenvolvimento do projeto: Suíça “Öpfelchüechli” (“Anéis de Maçã Fritos”) é um filme-ensaio de David Menzi que explora a transformação de terras agrícolas suíças em expansão suburbana e a paralela erosão da memória cultural. Central para o filme é a lembrança de um prato da cozinha de sua avó, intimamente ligado às macieiras [&hellip;]" />
<meta property="og:url" content="https://bienaldearquitetura.org.br/en/programacao/opfelchuechli-retracing-urban-memory-through-food/" />
<meta property="og:site_name" content="14ᵃ Bienal Internacional de Arquitetura de São Paulo" />
<meta property="article:modified_time" content="2025-09-05T19:53:46+00:00" />
<meta property="og:image" content="https://bienaldearquitetura.org.br/wp-content/uploads/2025/09/img1-D-Menzi-dm-scaled.jpg" />
	<meta property="og:image:width" content="2560" />
	<meta property="og:image:height" content="1706" />
	<meta property="og:image:type" content="image/jpeg" />
<meta name="twitter:card" content="summary_large_image" />
<meta name="twitter:label1" content="Est. reading time" />
	<meta name="twitter:data1" content="2 minutes" />
<script type="application/ld+json" class="yoast-schema-graph">{"@context":"https:\/\/schema.org","@graph":[{"@type":"WebPage","@id":"https:\/\/bienaldearquitetura.org.br\/programacao\/opfelchuechli-retracing-urban-memory-through-food\/","url":"https:\/\/bienaldearquitetura.org.br\/programacao\/opfelchuechli-retracing-urban-memory-through-food\/","name":"Öpfelchüechli – Retracing urban memory through food - 14ᵃ Bienal Internacional de Arquitetura de São Paulo","isPartOf":{"@id":"https:\/\/bienaldearquitetura.org.br\/#website"},"primaryImageOfPage":{"@id":"https:\/\/bienaldearquitetura.org.br\/programacao\/opfelchuechli-retracing-urban-memory-through-food\/#primaryimage"},"image":{"@id":"https:\/\/bienaldearquitetura.org.br\/programacao\/opfelchuechli-retracing-urban-memory-through-food\/#primaryimage"},"thumbnailUrl":"https:\/\/bienaldearquitetura.org.br\/wp-content\/uploads\/2025\/09\/img1-D-Menzi-dm-scaled.jpg","datePublished":"2025-09-05T19:53:45+00:00","dateModified":"2025-09-05T19:53:46+00:00","breadcrumb":{"@id":"https:\/\/bienaldearquitetura.org.br\/programacao\/opfelchuechli-retracing-urban-memory-through-food\/#breadcrumb"},"inLanguage":"en-US","potentialAction":[{"@type":"ReadAction","target":["https:\/\/bienaldearquitetura.org.br\/programacao\/opfelchuechli-retracing-urban-memory-through-food\/"]}]},{"@type":"ImageObject","inLanguage":"en-US","@id":"https:\/\/bienaldearquitetura.org.br\/programacao\/opfelchuechli-retracing-urban-memory-through-food\/#primaryimage","url":"https:\/\/bienaldearquitetura.org.br\/wp-content\/uploads\/2025\/09\/img1-D-Menzi-dm-scaled.jpg","contentUrl":"https:\/\/bienaldearquitetura.org.br\/wp-content\/uploads\/2025\/09\/img1-D-Menzi-dm-scaled.jpg","width":2560,"height":1706},{"@type":"BreadcrumbList","@id":"https:\/\/bienaldearquitetura.org.br\/programacao\/opfelchuechli-retracing-urban-memory-through-food\/#breadcrumb","itemListElement":[{"@type":"ListItem","position":1,"name":"Início","item":"https:\/\/bienaldearquitetura.org.br\/"},{"@type":"ListItem","position":2,"name":"Programação","item":"https:\/\/bienaldearquitetura.org.br\/programacao\/"},{"@type":"ListItem","position":3,"name":"Öpfelchüechli – Retracing urban memory through food"}]},{"@type":"WebSite","@id":"https:\/\/bienaldearquitetura.org.br\/#website","url":"https:\/\/bienaldearquitetura.org.br\/","name":"14ᵃ Bienal Internacional de Arquitetura de São Paulo","description":"Arquiteturas para um Mundo Quente","potentialAction":[{"@type":"SearchAction","target":{"@type":"EntryPoint","urlTemplate":"https:\/\/bienaldearquitetura.org.br\/?s={search_term_string}"},"query-input":{"@type":"PropertyValueSpecification","valueRequired":true,"valueName":"search_term_string"}}],"inLanguage":"en-US"}]}</script>
<!-- / Yoast SEO plugin. -->

Öpfelchüechli – Retracing urban memory through food - 14th São Paulo International Architecture Biennial

Öpfelchüechli – Retracing urban memory through food - 14ᵃ Bienal Internacional de Arquitetura de São Paulo

Implantação do projeto: SuíçaDesenvolvimento do projeto: Suíça “Öpfelchüechli” (“Anéis de Maçã Fritos”) é um filme-ensaio de David Menzi que explora a transformação de terras agrícolas suíças em expansão suburbana e a paralela erosão da memória cultural. Central para o filme é a lembrança de um prato da cozinha de sua avó, intimamente ligado às macieiras [&hellip;]

14ᵃ Bienal Internacional de Arquitetura de São Paulo

Início

Programação

14th São Paulo International Architecture Biennale
